5*w + 63. Determine c(11).
19
Let j(v) = 2*v - 4. Determine j(15).
26
Let n(y) = -y**3 + 7*y**2 - 5*y - 6. Determine n(6).
0
Let h(j) = j**3 - 18*j**2 + 30*j + 34. Determine h(16).
2
Let i(y) = 3*y - 2. Give i(-4).
-14
Let d(s) = -s - 7. Give d(-6).
-1
Let l(q) = q**2 + 8*q - 22. Determine l(-9).
-13
Let z(j) = j**3 - j**2 + 4*j - 5. Determine z(2).
7
Let v(m) = m**3 - 17*m**2 - 3*m + 58. Determine v(17).
7
Let u(i) = -10*i**3 + i - 1. Give u(1).
-10
Let y(i) = -i**3 - 13*i**2 + 2*i + 32. What is y(-13)?
6
Let x(n) = 10*n + 16. Determine x(-3).
-14
Let s(l) = -l**2 - 14*l + 42. Determine s(-17).
-9
Let p(c) = -2*c**2 + 5*c - 13. What is p(4)?
-25
Let d(p) = -2*p + 3. Calculate d(-2).
7
Let q(r) = r. Determine q(-4).
-4
Let w(d) = -3*d**3 + 19*d**2 - 3*d + 2. Calculate w(6).
20
Let a(p) = -p**3 - 6*p**2 - p + 12. Determine a(-6).
18
Let b(m) = 17*m + 276. What is b(-16)?
4
Let w(r) = -r**3 + 2*r**2 - 3*r + 2. Determine w(1).
0
Let i(p) = 2*p**2 - 8*p + 4. Calculate i(3).
-2
Let n(p) = 2*p**3 - 4*p**2 + p - 12. Determine n(3).
9
Let o(w) = -w + 9. Determine o(0).
9
Let h(v) = 3*v**3 - 2*v**2 - v - 4. Determine h(-2).
-34
Let g(c) = -c**2 - 11*c + 40. Calculate g(-13).
14
Let g(n) = -6*n**2 - 4*n - 3. Determine g(-1).
-5
Let u(n) = -n**3 + 8*n**2 + 44*n - 116. Calculate u(11).
5
Let y(s) = -s**3 - 14*s**2 - 13*s + 8. Determine y(-13).
8
Let j(a) = 5*a**2 + 16*a - 15. Calculate j(1).
6
Let n(l) = -l**3 - 6*l**2 - 8*l - 10. Give n(-5).
5
Let d(j) = -j**2 + 12. Calculate d(0).
12
Let o(z) = 41*z - 39. Give o(1).
2
Let i(o) = o**2 - 2*o - 4. What is i(3)?
-1
Let d(z) = -3*z**2 - 12*z - 3. What is d(-5)?
-18
Let z(b) = -2*b**3 + 4*b**2 + b - 6. Determine z(4).
-66
Let m(q) = -q**3 - 20*q**2 - 8. Give m(-20).
-8
Let f(n) = -29*n**2 + 2*n. Determine f(2).
-112
Let u(z) = -z**2 - 11*z + 7. What is u(-12)?
-5
Let a(u) = u**3 - u**2 - 23*u + 34. Determine a(4).
-10
Let d(c) = -c**3 - 3*c**2 + 3*c + 1. Calculate d(-4).
5
Let q(i) = -19*i**2. What is q(-1)?
-19
Let z(i) = 2*i**2 + 41*i + 20. Give z(-20).
0
Let q(g) = -15*g + 61. Determine q(5).
-14
Let p(w) = 3*w + 22. Calculate p(-11).
-11
Let t(u) = 6*u - 3. Calculate t(-5).
-33
Let w(t) = -2*t**3 - t**2 + 2*t + 37. Determine w(0).
37
Let p(i) = -23*i - 12. Calculate p(-3).
57
Let y(q) = -6*q - 2. What is y(-4)?
22
Let i(n) = -59*n - 63. Give i(-1).
-4
Let g(k) = -4*k - 16. Determine g(-9).
20
Let y(v) = v**3 + 3*v**2 - 6*v - 1. Give y(-4).
7
Let s(n) = 2*n**2 - 8*n + 20. Determine s(2).
12
Let o(k) = -k**3 - 6*k**2 - 2*k. Give o(-4).
-24
Let i(o) = o**3 - o**2 - 3*o - 3. Give i(-3).
-30
Let y(v) = 5*v - 34. Determine y(6).
-4
Let t(a) = -a**2 - 9*a - 1. Calculate t(0).
-1
Let b(s) = s**3 - 10*s**2 - s + 7. What is b(10)?
-3
Let d(q) = -q + 16. What is d(8)?
8
Let j(i) = i**3 + 13*i**2 + i + 12. Calculate j(-13).
-1
Let u(y) = -4*y**3 + 8*y**2 - 2*y - 1. What is u(3)?
-43
Let v(u) = -8*u - 2. Determine v(4).
-34
Let m(y) = 3*y - 12. Calculate m(-14).
-54
Let u(w) = -43*w + 289. Determine u(7).
-12
Let c(w) = -w**2 + 10*w + 18. Give c(11).
7
Let p(h) = 2*h - 4. Determine p(4).
4
Let o(t) = -t**2 - 16*t + 4. Give o(-16).
4
Let x(g) = g**3 - 7*g**2 - 12*g + 23. Give x(8).
-9
Let k(l) = l**3 + 2*l**2 - 31*l + 5. Determine k(5).
25
Let q(k) = -9*k - 340. Calculate q(-37).
-7
Let b(c) = -c**2 - 9*c - 29. Give b(-7).
-15
Let l(g) = -g - 15. Give l(9).
-24
Let t(o) = 2*o**2 - 2*o - 4. Give t(3).
8
Let k(w) = 5*w + 8. Give k(-4).
-12
Let i(d) = -d**3 - 26*d**2 + 4*d + 108. Give i(-26).
4
Let k(n) = -8*n + 82. Determine k(9).
10
Let m(i) = 5*i + 20. Calculate m(-4).
0
Let t(c) = 10*c. What is t(2)?
20
Let q(w) = w**2 - w + 2. Calculate q(7).
44
Let o(n) = -n**3 - 14*n**2 + 3*n + 47. Give o(-14).
5
Let d(i) = i**2 - i + 1. Calculate d(3).
7
Let o(t) = t**3 - 3*t**2 - 16*t - 12. Determine o(6).
0
Let u(b) = -b**3 - 7*b**2 + 6*b - 2. Give u(-8).
14
Let s(g) = 9*g**2 - 1. Give s(-1).
8
Let u(l) = -l**2 + 11*l - 8. Determine u(5).
22
Let a(q) = 11*q - 44. What is a(20)?
176
Let u(n) = -2*n - 1. Determine u(-4).
7
Let m(c) = -c**2 - 15*c - 6. Determine m(-15).
-6
Let s(d) = -d**2 + 23*d - 77. Calculate s(19).
-1
Let t(d) = -9*d - 61. What is t(-7)?
2
Let p(c) = -5*c**3 + c**2 - 1. Calculate p(1).
-5
Let a(y) = 2*y**2 - 19*y - 14. What is a(10)?
-4
Let a(b) = b**3 - b - 12. What is a(0)?
-12
Let q(t) = -t**2 - 15*t - 21. Give q(-15).
-21
Let y(b) = -b**3 + 16*b**2 - 15*b. Give y(15).
0
Let s(q) = -2*q**2 + 8*q - 8. Give s(6).
-32
Let l(k) = 33*k + 4. Determine l(2).
70
Let u(a) = a**2 + 24*a + 74. Calculate u(-4).
-6
Let u(l) = 2*l**2 - 5*l - 7. Determine u(5).
18
Let b(d) = -9*d - 16. Give b(-4).
20
Let x(u) = -u**2 + 11*u - 22. What is x(8)?
2
Let r(b) = b**2 + 13*b - 38. Give r(-18).
52
Let x(c) = c**2 - 5*c - 20. What is x(-3)?
4
Let d(r) = -12*r + 5. Determine d(2).
-19
Let x(k) = -3*k**2 - 35*k + 21. What is x(-12)?
9
Let g(a) = a**3 - 19*a**2 + a + 29. Give g(19).
48
Let b(y) = -13*y - 102. Give b(-8).
2
Let v(t) = 6*t - 42. Calculate v(8).
6
Let m(v) = v**2 - 4*v + 4. Determine m(8).
36
Let f(k) = -k**3 - 17*k**2 - 20*k + 17. Give f(-16).
81
Let b(k) = 4*k + 24. Determine b(-4).
8
Let z(p) = p**3 - 10*p**2 - 12*p + 9. Give z(11).
-2
Let f(x) = -x**3 + 2*x**2 - 4*x + 3. Give f(2).
-5
Let t(m) = -m**3 - 15*m**2 + m + 21. Give t(-15).
6
Let a(k) = 3*k**2 - 5*k + 6. Determine a(4).
34
Let x(k) = 17*k - 41. Give x(-6).
-143
Let r(c) = c**3 - 19*c**2 - 2*c + 21. Calculate r(19).
-17
Let z(w) = -3*w**3 - w**2 + w - 1. What is z(1)?
-4
Let d(c) = -c**2 - 2*c - 6. Calculate d(-3).
-9
Let j(v) = v + 3. Give j(-4).
-1
Let d(u) = u + 7. Calculate d(0).
7
Let d(n) = -n**2 - 12*n + 41. Give d(-12).
41
Let v(l) = l**2 - l. Calculate v(-5).
30
Let z(c) = c**3 - 11*c**2 + 2*c - 3. What is z(11)?
19
Let a(z) = z**3 - 12*z**2 - 13*z - 6. Calculate a(13).
-6
Let b(u) = -3*u**2 - 3*u + 3. Calculate b(3).
-33
Let i(v) = -7*v - 1. What is i(3)?
-22
Let p(t) = -5*t**2 + 2*t. What is p(2)?
-16
Let b(l) = 8*l - 28. Calculate b(4).
4
Let w(l) = -l**3 + l**2 + l - 55. Give w(0).
-55
Let s(a) = -2*a**2 - 9*a - 2. Give s(-6).
-20
Let r(v) = v**3 + 12*v**2 + 11*v - 12. Determine r(-11).
-12
Let x(u) = u**2 + 6*u + 11. Determine x(-2).
3
Let u(b) = -b + 13. What is u(1)?
12
Let x(k) = -k**3 - 6*k**2 - 4*k - 3. Calculate x(-5).
-8
Let j(u) = -3*u + 46. What is j(14)?
4
Let w(y) = -y**3 + 33*y**2 - 31*y - 38. Determine w(32).
-6
Let k(l) = -l**3 - 6*l**2 + 11. What is k(-6)?
11
Let g(n) = -n**3 + 12*n**2 + 13*n - 9. Determine g(13).
-9
Let i(h) = h**2 - 3*h - 28. What is i(6)?
-10
Let n(u) = u**3 - 18*u**2 + 16*u + 19. Calculate n(17).
2
Let q(c) = 2*c**3 - 35*c**2 + 3*c + 237. What is q(17)?
-1
Let i(w) = -w**2 - 8*w - 22. Give i(-6).
-10
Let f(w) = 4*w + 19. Give f(-6).
-5
Let h(t) = t**2 + 3*t + 107. Give h(0).
107
Let a(w) = w**3 + 8*w**2 + 5*w - 2. What is a(-7)?
12
Let f(p) = 20*p - 6. Calculate f(-2).
-46
Let q(a) = -a**3 - 5*a**2 + 7*a + 7. What is q(-6)?
1
Let r(x) = -x**3 + 10*x**2 - 19*x - 22. Calculate r(9).
-112
Let u(o) = o**2 - 33*o + 121. Calculate u(29).
5
Let k(f) = -f**3 - 13*f**2 - 12*f - 10. Give k(-12).
-10
Let m(b) = -23*b - 2. What is m(-1)?
21
Let u(v) = -35*v**3 + v**2 + v. Determine u(-1).
35
Let a(i) = -i**3 - 2*i**2. Calculate a(-1).
-1
Let w(o) = o**3 - 12*o**2 + 9*o + 8. Determine w(11).
-14
Let c(b) = b**3 - 12*b**2 + 8*b - 11. What is c(11)?
-44
Let n(v) = 2*v**2 - 2*v - 2. Determine n(5).
38
Let v(p) = -p**2 + 8*p + 6. Calculate v(8).
6
Let l(v) = 3*v + 40. Calculate l(-10).
10
Let w(o) = -o**3 - o**2 - o - 4. Calculate w(-3).
17
Let m(o) = 2*o - 12. Calculate m(4).
-4
Let x(w) = -6*w**3 - w**2 + 2*w + 2. What is x(-1)?
5
Let k(c) = -c**2 - 16*c - 72. What is k(-9)?
-9
Let f(s) = -10*s**3 + 5*s**2 - 2. Give f(1).
-7
Let z(r) = 328*r + 1638. Determine z(-5).
-2
Let q(o) = 2*o**2 - 2*o - 5. Determine q(2).
-1
Let o(h) = 10*h + 43. Give o(-12).
-77
Let v(r) = -6*r**2 - 3*r - 1. Calculate v(2).
-31
Let c(b) = 7*b - 33. Determine c(4).
-5
Let p(s) = s**3 + s**2 - 13*s - 16. What is p(-5)?
-51
Let c(o) = -o**2 + 27*o - 171. Determine c(17).
-1
Let v(g) = -4*g - 22. What is v(-6)?
2
Let i(w) = -w**2 + 16*w - 50. Give i(4).
-2
Let g(k) = -k - 12. Calculate g(-3).
-9
Let d(m) = 15*m**2 - m - 1. Calculate d(-1).
15
Let 